51?
False
Is 121038525 a multiple of 5?
True
Is 15335682 a multiple of 226?
True
Is 3114 a factor of 33631165?
False
Is 981496190 a multiple of 698?
True
Is 42436472 a multiple of 184?
True
Is 587214493 a multiple of 731?
True
Does 19 divide 177684485?
True
Is 38739324 a multiple of 156?
True
Is 72493963 a multiple of 7?
False
Does 326 divide 19969971?
False
Is 2269932 a multiple of 427?
True
Is 5974 a factor of 1005552278?
False
Is 48701916 a multiple of 333?
True
Does 19 divide 35848793?
False
Is 1818 a factor of 281218932?
False
Is 781 a factor of 165686026?
True
Does 47 divide 1675560299?
False
Does 368 divide 285142144?
False
Is 8309 a factor of 1997277322?
False
Does 705 divide 85790040?
True
Does 3 divide 109757816?
False
Does 83 divide 2855061639?
True
Does 1224 divide 532251274?
False
Is 495892800 a multiple of 15?
True
Does 10 divide 258926630?
True
Is 822 a factor of 36036728?
False
Does 28 divide 143892840?
True
Is 34 a factor of 3726128?
True
Is 246 a factor of 11566674?
True
Does 13 divide 180162843?
False
Is 63477742 a multiple of 163?
True
Is 3081 a factor of 6329825?
False
Does 4 divide 49994148?
True
Is 287409389 a multiple of 41?
False
Is 276490224 a multiple of 738?
True
Is 213291712 a multiple of 712?
False
Is 217162257 a multiple of 4299?
False
Is 65812638 a multiple of 6?
True
Is 344329054 a multiple of 179?
True
Is 1210531521 a multiple of 20?
False
Does 1989 divide 73056741?
False
Does 896 divide 140867362?
False
Does 43 divide 138890774?
True
Is 22 a factor of 2530242?
True
Is 3345 a factor of 480378795?
True
Does 2260 divide 1221737920?
True
Does 8 divide 433599568?
True
Is 4 a factor of 6732248?
True
Is 4102707 a multiple of 21?
True
Is 32028918 a multiple of 1757?
False
Does 450 divide 53701709?
False
Does 9 divide 232519226?
False
Is 172937019 a multiple of 200?
False
Is 397 a factor of 15928642?
False
Is 134 a factor of 3172367869?
False
Is 40637648 a multiple of 239?
True
Does 2040 divide 612219749?
False
Is 241101275 a multiple of 25?
True
Does 8 divide 271928744?
True
Is 169 a factor of 4904549?
True
Is 152718210 a multiple of 162?
True
Is 173278028 a multiple of 22?
True
Does 1102 divide 6359642?
True
Is 100927768 a multiple of 1669?
True
Is 31036224 a multiple of 32?
True
Is 31188200 a multiple of 25?
True
Is 1474862337 a multiple of 8387?
True
Is 174678259 a multiple of 7?
True
Does 7134 divide 837679558?
False
Does 135 divide 105912287?
False
Is 16 a factor of 26068935?
False
Is 11 a factor of 2372659816?
False
Is 172 a factor of 271333714?
False
Is 1982 a factor of 47346892?
False
Is 4 a factor of 29132596?
True
Is 66 a factor of 1931440289?
False
Is 57672286 a multiple of 961?
False
Is 543284469 a multiple of 1521?
True
Is 215275024 a multiple of 4?
True
Is 17537460 a multiple of 58?
True
Does 11 divide 24984668?
False
Is 1326 a factor of 380534154?
True
Is 8 a factor of 2324208?
True
Is 1042158949 a multiple of 169?
True
Does 54 divide 115952481?
False
Is 2706241695 a multiple of 83?
False
Does 601 divide 999674543?
False
Is 94554450 a multiple of 2850?
True
Is 977447018 a multiple of 454?
True
Does 35 divide 158332720?
True
Is 123 a factor of 7887375?
True
Does 67 divide 16638177?
True
Does 3 divide 554392146?
True
Does 171 divide 18073751?
False
Is 37 a factor of 9192752?
False
Is 91596759 a multiple of 5?
False
Does 44 divide 10638100?
True
Is 228 a factor of 21516132?
True
Does 216 divide 817003621?
False
Is 13 a factor of 682935?
False
Is 929 a factor of 6751972?
True
Is 221 a factor of 101892492?
True
Is 301962833 a multiple of 329?
False
Does 21 divide 988698774?
True
Is 729975272 a multiple of 13?
True
Is 76230660 a multiple of 30?
True
Does 6 divide 359225749?
False
Is 37 a factor of 81223029?
True
Is 2073781770 a multiple of 16?
False
Is 96368 a multiple of 15?
False
Is 11 a factor of 1838669503?
True
Does 11 divide 16220492?
False
Does 3 divide 172770780?
True
Does 1995 divide 189122765?
False
Does 19 divide 1655335134?
False
Is 35500080 a multiple of 561?
True
Is 324806781 a multiple of 397?
False
Is 29473558 a multiple of 11?
False
Is 910665978 a multiple of 39?
False
Does 4618 divide 3199312601?
False
Does 3 divide 227432822?
False
Is 50 a factor of 46572594?
False
Does 852 divide 52323481?
False
Is 730904 a multiple of 56?
False
Is 5 a factor of 87041954?
False
Does 122 divide 1914194030?
True
Does 853 divide 45194928?
False
Does 18 divide 866922685?
False
Is 153488312 a multiple of 9?
False
Is 3923 a factor of 547215364?
False
Is 327465425 a multiple of 301?
True
Does 304 divide 31911452?
False
Is 2 a factor of 212773527?
False
Does 2896 divide 143356799?
False
Does 3 divide 6074970?
True
Is 1594 a factor of 47665996?
False
Is 29416108 a multiple of 810?
False
Does 128 divide 161747086?
False
Is 83471881 a multiple of 8?
False
Does 68 divide 121812072?
True
Is 115 a factor of 80849711?
False
Is 49 a factor of 747252406?
False
Does 135 divide 189585900?
True
Is 18 a factor of 58952537?
False
Is 431 a factor of 32043126?
True
Is 1158258447 a multiple of 27?
True
Is 10 a factor of 105361265?
False
Is 9389418 a multiple of 2402?
True
Does 648 divide 1195270995?
False
Is 40301019 a multiple of 33?
True
Does 56 divide 31546005?
False
Does 478 divide 120994737?
False
Is 16 a factor of 1811466032?
True
Is 1611846095 a multiple of 19?
True
Is 23339816 a multiple of 8?
True
Is 59 a factor of 32695566?
False
Does 38 divide 80204776?
True
Is 228712999 a multiple of 31?
False
Is 54147669 a multiple of 1479?
True
Is 130 a factor of 1003666881?
False
Does 101 divide 1045445240?
False
Does 576 divide 108038592?
True
Does 333 divide 3137379813?
True
Does 1088 divide 22309594?
False
Is 17 a factor of 272491385?
True
Is 1231622106 a multiple of 183?
False
Is 2400787 a multiple of 10?
False
Is 407 a factor of 1952786?
True
Is 28 a factor of 65462185?
False
Is 74387079 a multiple of 123?
True
Is 98558331 a multiple of 41?
False
Is 37 a factor of 55054815?
False
Is 687 a factor of 1368335969?
False
Is 736982343 a multiple of 555?
False
Does 50 divide 1968734507?
False
Is 23 a factor of 12769462?
True
Does 90 divide 80393670?
True
Does 3063 divide 876448275?
False
Does 263 divide 224154749?
False
Does 26 divide 10412688?
True
Is 1425493483 a multiple of 2802?
False
Does 177 divide 838135533?
True
Does 95 divide 91412538?
False
Is 1605 a factor of 53085375?
True
Does 2 divide 1297891?
False
Does 24 divide 282275400?
True
Is 8490915 a multiple of 9?
True
Is 145 a factor of 214218086?
False
Is 2311 a factor of 5823720?
True
Is 28336776 a multiple of 24?
True
Is 26 a factor of 6598488?
True
Does 18 divide 120709786?
False
Does 3900 divide 3183316500?
True
Is 1289 a factor of 12663740?
False
Is 28 a factor of 539207760?
True
Is 3793087 a multiple of 12?
False
Is 910 a factor of 300300?
True
Is 10 a factor of 12119504?
False
Is 228904332 a multiple of 191?
True
Is 70873247 a multiple of 2?
False
Does 62 divide 80722448?
False
Is 1182 a factor of 959112693?
False
Is 48726790 a multiple of 35?
True
Is 1961 a factor of 159768582?
False
Does 11 divide 228926047?
False
Is 104172687 a multiple of 3?
True
Is 652 a factor of 28953364?
True
Is 503772157 a multiple of 749?
True
Is 40 a factor of 31812113?
False
Is 44552662 a multiple of 14?
True
Does 117 divide 251430309?
True
Does 12 divide 25214435?
False
Is 122411123 a multiple of 2446?
False
Does 1990 divide 35947360?
True
Is 29085936 a multiple of 372?
True
Is 655527514 a multiple of 2918?
False
Is 2571 a factor of 989494789?
False
Does 69 divide 499466505?
True
Does 43 divide 909628323?
False
Is 2683 a factor of 76468183?
True
Does 26 divide 336790509?
False
Is 83963979 a multiple of 33?
True
Does 42 divide 11457210?
False
Does 6 divide 11716634?
False
Is 1031913308 a multiple of 23?
True
Is 30 a factor of 18050520?
True
Is 19341891 a multiple of 152?
False
Is 15 a factor of 3679439535?
True
Does 55 divide 85173330?
True
Is 146198625 a multiple of 8?
False
Is 28137799 a multiple of 37?
False
Is 7112865 a multiple of 3?
True
Is 175602 a multiple of 9?
False
Does 7 divide 143725449?
True
Is 3083541589 a multiple of 713?
False
Is 9200 a factor of 951740344?
False
Is 12477961 a multiple of 9?
False
Is 544 a factor of 6714085?
False
Does 1098 divide 2773495296?
True
Doe